2, what is -11000010000111010011001 + -1?
-11000010000111010011010
In base 14, what is 14cb + -33?
1498
In base 7, what is -56 + -2465?
-2554
In base 11, what is 4 + -162546?
-162542
In base 10, what is -136 + -10?
-146
In base 9, what is 15202 + 2?
15204
In base 7, what is 43 - 130135?
-130062
In base 7, what is 10563252 - 5?
10563244
In base 8, what is 20204 - 116?
20066
In base 3, what is -11 + -111201210?
-111201221
In base 2, what is 1010110111010000101 - 10?
1010110111010000011
In base 3, what is 120200 - -1101?
122001
In base 5, what is -23 - 14332?
-14410
In base 3, what is -102101 + 1012100?
202222
In base 6, what is 220102 - 3?
220055
In base 15, what is 39 + 111?
14a
In base 11, what is -2975 - 11?
-2986
In base 9, what is 13352 - 126?
13225
In base 16, what is 2f219 - 4?
2f215
In base 9, what is -5 + 4223?
4217
In base 11, what is -a34 + -1a?
-a53
In base 5, what is 2 + 430320421?
430320423
In base 13, what is 457 - 1049?
-8c2
In base 16, what is -a59 - 2c?
-a85
In base 2, what is -1001 - -111011001?
111010000
In base 5, what is -12 + -300324?
-300341
In base 9, what is 156 - 1603?
-1436
In base 6, what is 2 + -33524?
-33522
In base 14, what is dca - -125?
1111
In base 15, what is -2635b - 5?
-26361
In base 11, what is 19 + -211a?
-2101
In base 6, what is 45 + 1351?
1440
In base 14, what is -c + -1214b?
-12159
In base 5, what is -14 - -3240?
3221
In base 2, what is -101 + 100000000011010101?
100000000011010000
In base 13, what is -1c - -15c2?
15a3
In base 13, what is -164 - 2607?
-276b
In base 14, what is 15dd8 + 6?
16000
In base 6, what is -503 + -23020?
-23523
In base 6, what is -204 + 111013?
110405
In base 14, what is 81b + -20?
7db
In base 8, what is -534 - 12111?
-12645
In base 13, what is -16a5 - 8a1?
-2276
In base 7, what is 1224141 + 1?
1224142
In base 14, what is 2 + -5502a?
-55028
In base 7, what is -4434 + -16?
-4453
In base 12, what is 37 - 155?
-11a
In base 10, what is -312989 - 0?
-312989
In base 2, what is 10001 - -100001110011?
100010000100
In base 2, what is 1101000101010101 - -11?
1101000101011000
In base 10, what is 1094 - 5?
1089
In base 14, what is -41 - 247?
-288
In base 7, what is 3236 + 0?
3236
In base 10, what is -123 + -14354?
-14477
In base 11, what is -352 + 339?
-14
In base 7, what is 3 - -330634?
330640
In base 11, what is 32 + 19?
50
In base 3, what is -2 + -2221201020?
-2221201022
In base 11, what is -6514 - -2?
-6512
In base 3, what is 100110202012 + 11?
100110202100
In base 9, what is -1487 + 122?
-1365
In base 15, what is 25 + -1db3?
-1d8d
In base 11, what is 18 - -32a6?
3313
In base 9, what is 11 - -284057?
284068
In base 10, what is 559 + 174?
733
In base 11, what is 53 - 10?
43
In base 16, what is -1a - 110ca?
-110e4
In base 13, what is -6 + -99?
-a2
In base 11, what is -7 + 124598?
124591
In base 10, what is 0 + 853?
853
In base 8, what is 337307 - 3?
337304
In base 9, what is -1 + -856668?
-856670
In base 9, what is 748 - 330?
418
In base 14, what is 999 + -24?
975
In base 4, what is -2 - -10332331?
10332323
In base 16, what is 17c - -2?
17e
In base 12, what is 12 - 69a?
-688
In base 13, what is 1 - 4591a2?
-4591a1
In base 3, what is 122200 + 21020?
220220
In base 7, what is -33 - 2153?
-2216
In base 2, what is 101010 - -11101110000101?
11101110101111
In base 12, what is 2606 + -452?
2174
In base 14, what is 71c + 27?
745
In base 4, what is -2023021211 + -3?
-2023021220
In base 6, what is -155010 - -310?
-154300
In base 10, what is -66 + 2033?
1967
In base 9, what is 4 + -445767?
-445763
In base 13, what is 84a + -3c?
80b
In base 12, what is 1 - -35416?
35417
In base 9, what is -106787 + 3?
-106784
In base 4, what is -13211 + -1132?
-21003
In base 4, what is 11031 - 20021?
-2330
In base 12, what is 14200 - -1?
14201
In base 6, what is 2111321 + 13?
2111334
In base 13, what is -432 - -7?
-428
In base 9, what is 7 - -56414?
56422
In base 15, what is 147 + 5525?
566c
In base 11, what is 619 - -a1?
70a
In base 5, what is -1302 + 10423?
4121
In base 12, what is -1 - 28644?
-28645
In base 16, what is -6071 - -12?
-605f
In base 8, what is 31 - 14621?
-14570
In base 15, what is 7b017 - 1?
7b016
In base 5, what is 12 + -2141012?
-2141000
In base 4, what is -311 + 2221?
1310
In base 13, what is 51b8 - -4?
51bc
In base 3, what is 122221022112 + 0?
122221022112
In base 3, what is -222 - -10200122?
10122200
In base 10, what is -469 - 4?
-473
In base 2, what is 0 + 1010111101000001?
1010111101000001
In base 12, what is 208 + -a7?
121
In base 5, what is 303244030 + -2?
303244023
In base 7, what is 453 + 4446?
5232
In base 4, what is -331 + -20002?
-20333
In base 12, what is 31688 + 0?
31688
In base 11, what is 11 + 194?
1a5
In base 5, what is 30 - -433100?
433130
In base 4, what is -30013000 - -1?
-30012333
In base 9, what is 256 - -641?
1007
In base 9, what is 1201063 + 0?
1201063
In base 6, what is -1 - -124204?
124203
In base 16, what is -31 - 249f?
-24d0
In base 8, what is 1254432 + 1?
1254433
In base 12, what is -8861 - 4?
-8865
In base 10, what is 1227 - 11?
1216
In base 11, what is -5 + 61210?
61206
In base 14, what is 92c1 - -18?
92d9
In base 12, what is 954 - -4?
958
In base 16, what is 54 - -553?
5a7
In base 11, what is 2772 - -210?
2982
In base 5, what is -1421113 + -2?
-1421120
In base 16, what is -9ca45 - 2?
-9ca47
In base 6, what is -4112412 + -2?
-4112414
In base 2, what is -1010011 - 1010001?
-10100100
In base 9, what is 38501 + -4?
38486
In base 14, what is -15b39 + -2?
-15b3b
In base 7, what is -662 + 336?
-323
In base 9, what is 14064 + -1?
14063
In base 10, what is 1257013 - 5?
1257008
In base 16, what is -9c464 - 5?
-9c469
In base 2, what is 1 - -11101010001111?
11101010010000
In base 8, what is 3042 - -5?
3047
In base 14, what is -28c + 1d?
-26d
In base 11, what is 287763 - 0?
287763
In base 13, what is -b + 65b47?
65b39
In base 7, what is -2 - 213261?
-213263
In base 8, what is -10157246 - 5?
-10157253
In base 11, what is 107669 + -2?
107667
In base 5, what is 2131323 - 10?
2131313
In base 10, what is -5 + 14682?
14677
In base 8, what is 222 - -10417?
10641
In base 3, what is 1 - -101021211?
101021212
In base 2, what is -1 + -1010010010110?
-1010010010111
In base 14, what is -498 - b?
-4a5
In base 16, what is 2ef + -274?
7b
In base 9, what is 5 - 2863?
-2857
In base 10, what is 19411 - 4?
19407
In base 11, what is -367 - -6344?
5a88
In base 4, what is 1323 + -1002123?
-1000200
In base 10, what is -7316 + 6?
-7310
In base 11, what is -358 + 19?
-33a
In base 11, what is -8 - 3560a?
-35617
In base 10, what is 2080708 - 2?
2080706
In base 4, what is -132222 + -1?
-132223
In base 3, what is -1001222110120 - -1?
-1001222110112
In base 12, what is 1 + -205b8?
-205b7
In base 16, what is 8 - 18deb?
-18de3
In base 15, what is 9 + -b00?
-ae6
In base 3, what is -10021 - -1200101?
1120010
In base 4, what is -110 + 121031310?
121031200
In base 15, what is 21 + 5?
26
In base 8, what is 21 - 123035?
-123014
In base 12, what is -80 + 317a?
30ba
In base 10, what is -9386 + 1?
-9385
In base 2, what is -1000010011111011 - -1111?
-1000010011101100
In base 4, what is -130011 + 21?
-123330
In base 3, what is -211221202211 - 0?
-211221202211
In base 14, what is 1 - -6089?
608a
In base 11, what is 15 - 8496?
-8481
In base 15, what is -23c - -419?
1cc
In base 14, what is 404a6 - 6?
404a0
In base 14, what is -2 + 838?
836
In base 3, what is -2212021212122 + -11?
-2212021212210
In base 10, what is 3370 - 53?
3317
In base 14, what is 10a156 - -5?
10a15b
In base 11, what is -18 + -11801?
-11819
In base 13, what is c448 + -67?
c3b1
In base 10, what is -36857 - 0?
-36857
In base 13, what is 1 - 2144?
-2143
In base 13, what is 1 + 5576?
5577
In base 9, what is -5 - -3586?
3581
In base 11, what is 1 + -22a76?
-22a75
In base 12, what is -296 + -1a?
-2b4
In base 7, what is 26643 + 5?
26651
In base 11, what is 1 - -2a34?
2a35
In base 15, what is -105 - -1ad0?
19ca
In base 5, what is 142 + -441?
-244
In base 4, what is -3131 + 2310?
-221
In base 8, what is 23516 + 141?
23657
In base 9, what is 73 + 17271?
17354
In base 13, what is -19 + 3734?
3718
In base 2, what is 10100 - 110010001?
-101111101
In base 8, what is 2 - 25672?
-25670
In base 13, what is 3ba - 8?
3b2
In base 14, what is -6 - -651d?
6517
In base 4, what